{"id":2,"date":"2023-09-26T17:37:05","date_gmt":"2023-09-26T17:37:05","guid":{"rendered":"https:\/\/empauta.saocamilo-sp.br\/?page_id=2"},"modified":"2025-11-13T14:15:16","modified_gmt":"2025-11-13T14:15:16","slug":"sample-page","status":"publish","type":"page","link":"https:\/\/empauta.saocamilo-sp.br\/?page_id=2","title":{"rendered":"Sobre a revista"},"content":{"rendered":"<h2 class=\"has-text-align-center wp-block-post-title has-ibm-plex-serif-font-family\">Sobre a revista<\/h2>\n\n\n<hr class=\"wp-block-separator has-alpha-channel-opacity\"\/>\n\n\n\n<div style=\"height:25px\" aria-hidden=\"true\" class=\"wp-block-spacer\"><\/div>\n\n\n\n<p class=\"has-nunito-font-family has-small-font-size\">A Em Pauta S\u00e3o Camilo&nbsp;\u00e9 uma publica\u00e7\u00e3o semestral editada pelo Setor de Publica\u00e7\u00f5es do Centro Universit\u00e1rio S\u00e3o Camilo &#8211; SP.<\/p>\n\n\n\n<p class=\"has-nunito-font-family has-small-font-size\">A publica\u00e7\u00e3o desta revista, que possui linguagem informativa e voltada para o segmento de ci\u00eancia e tecnologia, com foco na produ\u00e7\u00e3o cient\u00edfica das atividades realizadas, serve como um polo de contato entre estudantes, departamentos da Institui\u00e7\u00e3o e o p\u00fablico em geral, com a finalidade de alcan\u00e7ar reconhecimento cont\u00ednuo na produ\u00e7\u00e3o acad\u00eamica do Centro Universit\u00e1rio. Al\u00e9m disso, busca se tornar uma refer\u00eancia na \u00e1rea da divulga\u00e7\u00e3o cient\u00edfica e tecnol\u00f3gica entre os ve\u00edculos de comunica\u00e7\u00e3o nacionais.<\/p>\n\n\n\n<p class=\"has-ibm-plex-serif-font-family\"><strong>Miss\u00e3o<\/strong><\/p>\n\n\n\n<p class=\"has-nunito-font-family has-small-font-size\">Informar e promover discuss\u00f5es sobre as a\u00e7\u00f5es e atividades voltadas \u00e0 ci\u00eancia e tecnologia realizadas na Institui\u00e7\u00e3o, abrangendo todos os campos do conhecimento.<\/p>\n\n\n\n<p class=\"has-ibm-plex-serif-font-family\"><strong>Vis\u00e3o<\/strong><\/p>\n\n\n\n<p class=\"has-nunito-font-family has-small-font-size\">Ser reconhecido como um peri\u00f3dico de refer\u00eancia na divulga\u00e7\u00e3o cient\u00edfica e tecnol\u00f3gica, contribuindo para o avan\u00e7o do conhecimento e para o desenvolvimento da sociedade.<\/p>\n\n\n\n<p class=\"has-ibm-plex-serif-font-family\"><strong>Valores<\/strong><\/p>\n\n\n\n<ul class=\"wp-block-list\">\n<li class=\"has-nunito-font-family has-small-font-size\"><strong>Excel\u00eancia<\/strong>: Compromisso com a qualidade e a precis\u00e3o das informa\u00e7\u00f5es publicadas.<\/li>\n\n\n\n<li class=\"has-nunito-font-family has-small-font-size\"><strong>Inova\u00e7\u00e3o<\/strong>: Incentivo \u00e0 criatividade e \u00e0 ado\u00e7\u00e3o de novas abordagens cient\u00edficas.<\/li>\n\n\n\n<li class=\"has-nunito-font-family has-small-font-size\"><strong>Interdisciplinaridade<\/strong>: Promo\u00e7\u00e3o do di\u00e1logo entre diferentes \u00e1reas do conhecimento.<\/li>\n\n\n\n<li class=\"has-nunito-font-family has-small-font-size\"><strong>Transpar\u00eancia<\/strong>: Clareza e honestidade na comunica\u00e7\u00e3o com nossos leitores e colaboradores.<\/li>\n\n\n\n<li class=\"has-nunito-font-family has-small-font-size\"><strong>Inclus\u00e3o<\/strong>: Valoriza\u00e7\u00e3o da diversidade de ideias e perspectivas.<\/li>\n<\/ul>\n\n\n\n<p class=\"has-ibm-plex-serif-font-family\"><strong>Justificativa<\/strong><\/p>\n\n\n\n<p class=\"has-nunito-font-family has-small-font-size\">A divulga\u00e7\u00e3o t\u00e9cnica-cient\u00edfica de qualidade \u00e9 essencial na forma\u00e7\u00e3o da opini\u00e3o p\u00fablica sobre ci\u00eancia, principalmente porque contribui para o surgimento de uma cultura cient\u00edfica.<\/p>\n\n\n\n<div style=\"height:25px\" aria-hidden=\"true\" class=\"wp-block-spacer\"><\/div>\n\n\n\n<hr class=\"wp-block-separator has-alpha-channel-opacity\"\/>\n\n\n\n<div style=\"height:25px\" aria-hidden=\"true\" class=\"wp-block-spacer\"><\/div>\n\n\n\n<p class=\"has-ibm-plex-serif-font-family has-small-font-size\"><strong>Conselho Editorial<\/strong><br>Lucas Rodrigo da Silva<br>Celina Camargo Bartalotti<br>Marcia Maria Gimenez<br>Aline de Piano<br>Gl\u00e1ucia Rosana Guerra Benute<br>F\u00e1bio Mitsuo<br>Andr\u00e9 Barros<br>Daniela Sakumoto<br>Silvia Novaes Barreto<br>Cintia Machado dos Santos<br>Bruna San Greg\u00f3rio<\/p>\n\n\n\n<div style=\"height:25px\" aria-hidden=\"true\" class=\"wp-block-spacer\"><\/div>\n\n\n\n<hr class=\"wp-block-separator has-alpha-channel-opacity\"\/>\n\n\n\n<div style=\"height:25px\" aria-hidden=\"true\" class=\"wp-block-spacer\"><\/div>\n\n\n\n<p class=\"has-ibm-plex-serif-font-family has-small-font-size\"><strong>Coordena\u00e7\u00e3o e produ\u00e7\u00e3o editorial<\/strong><\/p>\n\n\n\n<p class=\"has-nunito-font-family has-small-font-size\">Bruna San Greg\u00f3rio<br>Cintia Machado dos Santos<br>Bruna Diser\u00f3<\/p>\n\n\n\n<div style=\"height:25px\" aria-hidden=\"true\" class=\"wp-block-spacer\"><\/div>\n\n\n\n<hr class=\"wp-block-separator has-alpha-channel-opacity\"\/>\n\n\n\n<div style=\"height:25px\" aria-hidden=\"true\" class=\"wp-block-spacer\"><\/div>\n\n\n\n<p class=\"has-ibm-plex-serif-font-family has-small-font-size\"><strong>Vers\u00e3o<\/strong><\/p>\n\n\n\n<p class=\"has-nunito-font-family has-small-font-size\">Vers\u00e3o Impressa &#8211; ISSN 3085-9859<br>Vers\u00e3o Eletr\u00f4nica &#8211; ISSN 3085-9689<\/p>\n\n\n\n<p class=\"has-ibm-plex-serif-font-family has-small-font-size\"><strong>Periocidade<\/strong><\/p>\n\n\n\n<p class=\"has-nunito-font-family has-small-font-size\">Semestral<\/p>\n\n\n\n<p class=\"has-ibm-plex-serif-font-family has-small-font-size\"><strong>Idioma<\/strong><\/p>\n\n\n\n<p class=\"has-nunito-font-family has-small-font-size\">Portugu\u00eas, Brasil<\/p>\n\n\n\n<p class=\"has-ibm-plex-serif-font-family has-small-font-size\"><strong>\u00c1rea<\/strong><\/p>\n\n\n\n<p class=\"has-nunito-font-family has-small-font-size\">Ci\u00eancia, Sa\u00fade, Inova\u00e7\u00e3o, Tecnologia<\/p>\n\n\n\n<div style=\"height:25px\" aria-hidden=\"true\" class=\"wp-block-spacer\"><\/div>\n\n\n\n<hr class=\"wp-block-separator has-alpha-channel-opacity\"\/>\n\n\n\n<div style=\"height:25px\" aria-hidden=\"true\" class=\"wp-block-spacer\"><\/div>\n\n\n\n<p class=\"has-ibm-plex-serif-font-family has-small-font-size\"><strong>Endere\u00e7o<\/strong><\/p>\n\n\n\n<p class=\"has-nunito-font-family has-small-font-size\">Centro Universit\u00e1rio S\u00e3o Camilo &#8211; SP. Campus Pompeia &#8211; R. Raul Pompeia, 144, Bairro Vila Pompeia &#8211; S\u00e3o Paulo &#8211; Brasil. CEP: 05025-010.<\/p>\n\n\n\n<div style=\"height:25px\" aria-hidden=\"true\" class=\"wp-block-spacer\"><\/div>\n\n\n\n<hr class=\"wp-block-separator has-alpha-channel-opacity\"\/>\n\n\n\n<div style=\"height:25px\" aria-hidden=\"true\" class=\"wp-block-spacer\"><\/div>\n\n\n\n<p class=\"has-text-align-center has-heading-color-color has-text-color has-link-color has-nunito-font-family has-xx-small-font-size wp-elements-9ac4c23a09c7d684ea10b91c6b86e072\"><strong>EM PAUTA S\u00c3O CAMILO<\/strong> (Centro Universit\u00e1rio S\u00e3o Camilo). S\u00e3o Paulo, 2021.<br>Semestral \u2013 Ci\u00eancia, Sa\u00fade, Inova\u00e7\u00e3o, Tecnologia.<\/p>\n\n\n\n<p class=\"has-text-align-center has-heading-color-color has-text-color has-link-color has-nunito-font-family has-xx-small-font-size wp-elements-31cdf8d7550411d4930685e2a7dd2464\">Arquivos PDF dispon\u00edveis para impress\u00e3o.<\/p>\n","protected":false},"excerpt":{"rendered":"<p>A Em Pauta S\u00e3o Camilo&nbsp;\u00e9 uma publica\u00e7\u00e3o semestral editada pelo Setor de Publica\u00e7\u00f5es do Centro Universit\u00e1rio S\u00e3o Camilo &#8211; SP. A publica\u00e7\u00e3o desta revista, que possui linguagem informativa e voltada para o segmento de ci\u00eancia e tecnologia, com foco na produ\u00e7\u00e3o cient\u00edfica das atividades realizadas, serve como um polo de contato entre estudantes, departamentos da&#8230;<\/p>\n","protected":false},"author":1,"featured_media":0,"parent":0,"menu_order":0,"comment_status":"closed","ping_status":"closed","template":"wp-custom-template-p-ginas-internas","meta":{"footnotes":""},"class_list":["post-2","page","type-page","status-publish","hentry"],"_links":{"self":[{"href":"https:\/\/empauta.saocamilo-sp.br\/index.php?rest_route=\/wp\/v2\/pages\/2","targetHints":{"allow":["GET"]}}],"collection":[{"href":"https:\/\/empauta.saocamilo-sp.br\/index.php?rest_route=\/wp\/v2\/pages"}],"about":[{"href":"https:\/\/empauta.saocamilo-sp.br\/index.php?rest_route=\/wp\/v2\/types\/page"}],"author":[{"embeddable":true,"href":"https:\/\/empauta.saocamilo-sp.br\/index.php?rest_route=\/wp\/v2\/users\/1"}],"replies":[{"embeddable":true,"href":"https:\/\/empauta.saocamilo-sp.br\/index.php?rest_route=%2Fwp%2Fv2%2Fcomments&post=2"}],"version-history":[{"count":35,"href":"https:\/\/empauta.saocamilo-sp.br\/index.php?rest_route=\/wp\/v2\/pages\/2\/revisions"}],"predecessor-version":[{"id":1156,"href":"https:\/\/empauta.saocamilo-sp.br\/index.php?rest_route=\/wp\/v2\/pages\/2\/revisions\/1156"}],"wp:attachment":[{"href":"https:\/\/empauta.saocamilo-sp.br\/index.php?rest_route=%2Fwp%2Fv2%2Fmedia&parent=2"}],"curies":[{"name":"wp","href":"https:\/\/api.w.org\/{rel}","templated":true}]}}